 g and 65?
5
Let h = -3 + 5. Let s be 1 + 1/(h/34). Suppose 3*n + 72 = 15*n. What is the greatest common divisor of s and n?
6
Suppose k - 389 = -l, -592 - 178 = -2*k + 2*l. What is the greatest common factor of 86 and k?
43
Let q be -6 - -6 - 39 - (1 + 0). Let j = -29 - q. What is the greatest common divisor of j and 121?
11
Suppose -22*v + 3692 = 4*v. What is the greatest common factor of v and 355?
71
Let g = 212 - -107. What is the highest common factor of g and 11?
11
Suppose -4*i + 14 = 3*h, 17 = i - 5*h + 2. Let f be -3 + (-8)/(-60)*18*i. What is the greatest common divisor of f and 6?
3
Suppose -78*z + 435 = -81*z. Let a = z + 244. What is the highest common divisor of 22 and a?
11
Suppose -2*z + 50 = -4*k, 0*z - 2*k = -4*z + 94. Let g be -5 + (-4284)/(-56)*4/6. Calculate the highest common divisor of g and z.
23
Suppose -4*x + m + 106 + 75 = 0, -4*m = x - 41. What is the highest common divisor of 15 and x?
15
Suppose 5*j = 5*n - 1305, 4*j - 1052 = -24*n + 20*n. Calculate the highest common factor of 3013 and n.
131
Let h(j) = -5*j**2 + 45*j + 4. Let b be h(9). What is the highest common factor of 92 and b?
4
Suppose 8*d = 18*d - 270. Let r(z) = z**3 - 4*z**2 - 5*z + 2. Let p be r(5). Let s be (p - 0 - -27) + -2. What is the highest common divisor of d and s?
27
Let x(i) = 63*i + 36. Let w be x(6). Calculate the highest common factor of 36 and w.
18
Suppose -2*x + 70 = 3*x. Suppose -6*c + 21 = c. Suppose -5*f + 112 = c*f. Calculate the highest common factor of f and x.
14
Let s be (3 - 15)/(-4) - 0. Suppose s = g + 1. Suppose 0 = -2*b - 2*b - 5*x + 3, g*x + 17 = b. Calculate the greatest common divisor of b and 1.
1
Suppose -64 = -2*r + 134. Calculate the greatest common factor of 22 and r.
11
Let w = 64 + -63. What is the highest common divisor of w and 37?
1
Let l(d) = -16*d - 80. Let h be l(-8). Calculate the greatest common divisor of h and 64.
16
Let a be ((-2)/(-6))/((-3)/(-117)). Suppose 8 - a = -h. Suppose -5*n = 5*l - 2*l - 281, n = -4*l + 63. Calculate the greatest common factor of h and n.
5
Let c(f) = -12*f - 80. Let m be c(-15). What is the greatest common factor of 60 and m?
20
Let o(s) = -17*s - 37. Let d be o(-6). Calculate the highest common divisor of 5 and d.
5
Suppose -3*l = 2*l - 225. Suppose -x - 2*x = -72. Suppose -6 + x = 2*m. Calculate the highest common divisor of l and m.
9
Suppose 3*t = -3*u + 405, -3*t - 537 = -4*u - 6*t. What is the greatest common divisor of u and 352?
44
Suppose 2*s = 3*p + p + 74, 0 = 3*s - 4*p - 113. What is the highest common factor of 6 and s?
3
Let p be 1*22 - 0 - (28 + -29). Let x = p - -16. Calculate the greatest common divisor of x and 26.
13
Let g = -1 - -7. Let k = -15 + 30. Suppose 3*y + 2*s = -2*y + k, -5*s - 6 = -2*y. Calculate the greatest common divisor of g and y.
3
Let r be (-1 - 179)*(2 + (-8)/3). What is the highest common divisor of r and 18?
6
Suppose -140*m + 36 = -131*m. What is the greatest common factor of m and 48?
4
Let t = -335 + 559. Let v = 10301 + -10269. What is the highest common divisor of v and t?
32
Suppose i = 2*o + 12, 0*i - 4*i + 2*o + 18 = 0. Let n be i - (-174)/21 - (-2)/(-7). Calculate the greatest common divisor of n and 15.
5
Let l be (66/44)/(9/120). What is the highest common divisor of 12 and l?
4
Let o = -1747 - -1773. Calculate the highest common factor of o and 377.
13
Let m = 1 + 1. Suppose -m*o = 4*n - 282, -2*n + 5*o + 0*o + 135 = 0. Let j = n - 4. Calculate the highest common divisor of j and 6.
6
Let v be 618/1 + ((-12)/(-6) - 8). Calculate the greatest common divisor of v and 68.
68
Let t be (-1 - (-54 + -2))/1. Let w(s) = 3*s**3 + 13*s**2 + 9. Let p be w(-4). Let j be p + (-3)/(5 + -4). Calculate the greatest common divisor of t and j.
11
Let r(p) = -38 - 8*p + 2*p + p - p. Let m be r(-7). Let h(s) = 2*s**2 - 3*s + 1. Let o be h(-3). Calculate the highest common factor of o and m.
4
Suppose -399 = -3*j + 5*b, -8*b + 9 = -5*b. Calculate the highest common divisor of j and 24.
6
Let s(h) = 29*h + 20. Let m be s(4). What is the highest common divisor of 187 and m?
17
Let z(x) = 12*x + 16. Let i be z(12). Let k = -75 + i. Calculate the highest common factor of k and 17.
17
Let o be -5*1*(-8 + 7). Suppose -n = 4, -o*g - n + 55 = -21. Suppose 5*u = v + 16, 0*v + v - g = -3*u. What is the highest common factor of u and 28?
4
Let z(b) = 13*b - 47. Let p be z(5). Calculate the greatest common divisor of p and 450.
18
Suppose 0 = 5*q - 2*c, 5*q + c + 15 = 6*c. Let k be (-310)/(-15) + q/(-3). What is the highest common factor of 60 and k?
20
Let f(r) = 14*r**2 + 1. Let m(l) = -28*l**2 + l - 1. Let h(q) = 7*f(q) + 3*m(q). Let c be h(-2). What is the greatest common factor of c and 18?
18
Let c(f) = -f**2 - 10*f + 145. Let s be c(8). Calculate the greatest common divisor of 9 and s.
1
Let g(b) = -2*b**2 - 4*b + 5*b**2 - b**2 + b**2 + 8. Let a be g(4). What is the greatest common factor of 40 and a?
40
Suppose -3*j - 4*i - 10 = -1, 0 = 2*i. Let o = 21 + j. Let x = -672 - -681. Calculate the greatest common factor of x and o.
9
Suppose 0 = 3*c - 3 - 15. Let z = -1 + c. Suppose z*t = t + 48. Calculate the highest common divisor of t and 12.
12
Suppose -9*d = -20*d + 20757. Calculate the highest common factor of 51 and d.
51
Let v be 32/12*2673/36. Calculate the greatest common divisor of v and 18.
18
Let q be (-15)/(-2) + (21/(-6) - -2). Suppose 163 = q*z - 53. What is the greatest common divisor of z and 108?
36
Let y be (2/6)/(2*4/240). Let h be -3*10/9*-3. Calculate the greatest common factor of h and y.
10
Suppose 0 = -5*o + m + 105 + 783, 2*o = -4*m + 364. What is the greatest common factor of 89 and o?
89
Let u = -10 - -20. Suppose 8*a = 11*a - 6. Suppose -a*j + 194 + 26 = 0. Calculate the highest common factor of u and j.
10
Let g(u) = -3*u**2 + 2*u. Let y be g(2). Let n = y - -12. Suppose w - 4*j - 18 = -3, 4*w + n*j = 0. Calculate the highest common factor of 33 and w.
3
Let u be (-4)/(-10) + (-1430)/(-50). What is the greatest common divisor of 116 and u?
29
Suppose 77*o + 480 = 87*o. Let k(t) = 5*t + 5. Let a be k(5). Suppose -2 = -s + a. What is the greatest common factor of o and s?
16
Let b(z) be the third derivative of -z**6/120 - z**5/15 - z**4/6 + z**3/6 - 21*z**2. Let p be b(-3). Calculate the highest common divisor of p and 2.
2
Let r = 2495 + -974. What is the highest common divisor of r and 9?
9
Let b(f) = 7*f - 20. Let z be b(4). Let m = 33 - 13. What is the highest common factor of m and z?
4
Let r be (-2)/4 - -1*(-55)/(-10). Suppose -4*c = c + k - 8, -10 = r*c - 5*k. Calculate the highest common divisor of 5 and c.
1
Suppose -5*q - 4*t + 3*t = -100, -2*q + 40 = 5*t. Calculate the greatest common divisor of 820 and q.
20
Let m(b) = b**2 + 18*b + 57. Let z be m(-16). Calculate the highest common divisor of 20 and z.
5
Let y = 42 + -38. Let v be (-12)/(-5) + y + 85/(-25). Calculate the greatest common factor of v and 2.
1
Suppose -3*h + 48 = -4*y, 0*y = h + 2*y - 6. Let z = -91 + 127. Calculate the greatest common divisor of h and z.
12
Let t = 397 + -335. Suppose m + m = 62. Calculate the highest common divisor of t and m.
31
Let y be ((-300)/6)/(2 - 4). What is the highest common factor of 45 and y?
5
Suppose 58*a - 116*a + 348 = 0. What is the greatest common divisor of a and 138?
6
Let l(v) = -v**3 - 5*v**2 - 5. Let h be l(-5). Let k be -52*(-1 + h/2). Let j be -4 + 120/(-4 + 8). What is the greatest common factor of k and j?
26
Let u(x) = x**2 - 25. Let k be u(5). Let w be (-33 - (-3 + k))*2/(-4). What is the greatest common factor of 165 and w?
15
Let h(k) = -14*k + 7. Let c be h(6). Let g be 22/c*1*-35. What is the highest common divisor of 1 and g?
1
Let z(x) = -x**3 + 8*x**2 + 41*x - 6. Let j be z(-7). Calculate the highest common factor of 78 and j.
26
Let i be -1*4*168/(-96). What is the highest common factor of i and 224?
7
Let r = -383 - -408. Calculate the greatest common divisor of 125 and r.
25
Suppose 0 = -z - 2*w - 2, -z = 2*w + w + 5. Let f be (1 - z)*5*-18. What is the highest common divisor of f and 108?
54
Let c(v) = v**3 + 2*v**2 - 8*v + 9. Let o be c(4). What is the greatest common factor of 511 and o?
73
Suppose 3*n + 2*v = -151, 10 = -2*n + 2*v - 104. Let c = 62 + n. What is the greatest common d